luate 4 + (8 - 4 - 11) + -3.
-6
Evaluate -10 + 16 + (-3 - 0) + 2.
5
Calculate -8 - (-1 - 3 - 2).
-2
What is the value of (-10 - -1) + -7 + 33 + -19?
-2
Calculate -4 - (7 + -6 + -6 + -2).
3
Evaluate -5 - (3 + (-4 - 1 - -1)).
-4
What is the value of (5 - (1 + -1 - -3)) + -1?
1
-3 - (1 + -2 - -1)
-3
What is the value of (1 - (-2 + (-3 - 0))) + 2?
8
Calculate (-11 - -27 - 10) + 0 + 1.
7
Evaluate 17 - (0 + -6 + 15).
8
What is -6 - (7 - (10 - 0))?
-3
What is 0 - (-1 - (-3 + 4) - -6)?
-4
What is (4 - 2 - 2) + (-4 - 0)?
-4
5 + (-8 - -11 - 8)
0
What is the value of -4 + (-11 + 5 - -12) - -4?
6
What is 1 + 0 + -6 + 65 + -65?
-5
What is the value of -4 - (-1 - 3 - (10 - 8))?
2
Calculate 0 - (-1 + 2) - (9 - 11).
1
Calculate -2 + 1 - (11 - (2 - -4)).
-6
Evaluate -14 - -9 - (-9 + 1).
3
What is -3 + -3 - ((-5 - 10) + 6)?
3
-5 + 4 + 2 - 0
1
-3 + -6 + (-3 - -15)
3
Calculate (13 - 3) + (-11 - (-2 + -2)).
3
Evaluate 1 + 3 + 1 - (25 - 19).
-1
What is (6 - 1) + (5 - 13)?
-3
Calculate 0 - 8 - (-2 + (-2 - -4)).
-8
(-1 - (9 + (5 - 9))) + 8
2
What is 0 + 1 + (-2 - (1 - 0))?
-2
What is the value of 2 + (-9 - -17) - 10?
0
Evaluate 1 - (4 - (-3 + (-4 - -5))).
-5
What is the value of 3 + (0 + -4 - (-5 + -1))?
5
What is the value of -13 + 6 + 8 - 0?
1
What is the value of -8 + 0 + 4 + 7 + 1?
4
-5 + 10 + -16 + 11
0
What is the value of -2 + 1 + (-3 - 1)?
-5
What is the value of 2 + 3 + 0 + (1 - 3)?
3
What is the value of (4 - 1) + 6 + -4?
5
What is the value of 2 + (-2 - (-2 - -3))?
-1
1 + (2 - (13 - (-4 + 9)))
-5
What is (-1 + 0 - -2) + -6 + 5?
0
What is 0 + 1 + (1 - -3)?
5
-3 + 6 + -14 + 8
-3
1 + (5 + -8 - 0) - -2
0
Evaluate 106 + -110 + (5 - -1).
2
Evaluate (-2 - -3) + -3 + 1 + 6.
5
3 + (0 - (5 + 2))
-4
What is 4 - (1 + 2 + 3)?
-2
What is the value of -5 - (4 + -16 + 4 + -1)?
4
Evaluate (4 - 5) + (7 - 7 - 0).
-1
Calculate -3 + (3 - 3) + -2 + 0.
-5
-7 - (10 - (27 - 11))
-1
1 + 0 + 0 - 0
1
What is (0 - (8 + -6)) + (-3 - -6)?
1
What is -2 + (0 - -2) + (84 - 85)?
-1
Evaluate (-3 - (1 - 6)) + 1.
3
What is the value of -3 + (10 - 3 - -3) + -12?
-5
Calculate 7 + -2 + -1 + -9.
-5
What is 15 + -8 + -7 - (5 + 1)?
-6
1 + (1 - 5) + -1
-4
Calculate 1 + (-3 - -1) + (0 - -2).
1
Calculate -2 + (-8 - (-5 + -4)).
-1
Calculate -1 + 7 + -11 + -1 - -1.
-5
-3 + (1 + 0 - -4)
2
Calculate (2 - -7) + -6 + (0 - -2).
5
Calculate -4 + (-5 - -4) + 10.
5
What is the value of -2 + 3 + 0 + -1 + -8?
-8
Calculate 1 + 1 - (-4 - -2 - -3).
1
What is the value of 4 + -2 + 2 + -11?
-7
(-19 - -19) + (-3 - -6 - 1)
2
What is the value of 3 + -1 + 2 + (-29 - -34)?
9
What is 1 + -1 + -2 - -3?
1
What is 2 + -6 + 1 + 1?
-2
What is 16 + -13 - (1 + -1 - 1)?
4
Calculate -2 + 9 - 11 - (-5 + -2).
3
Calculate -1 - ((1 - 0) + -4 + 0).
2
What is the value of 2 + -6 + -4 + 5?
-3
What is (-7 + 8 - 2) + 3?
2
(1 - -2) + 1 + (-4 - 0)
0
What is the value of 9 + (0 - (0 + 6))?
3
What is the value of 9 + -3 + -3 + -2?
1
-1 + 5 + -7 - -7
4
What is the value of -3 - -7 - (-16 + 17)?
3
Calculate 0 + 9 + (4 - 1) + -8.
4
Calculate -2 + -1 - -11 - 3.
5
What is -4 - (3 - (4 - 1))?
-4
0 - ((-3 - (9 - 4)) + 5)
3
What is -123 + 130 + -1 + -3?
3
What is the value of (4 - (-1 - -2)) + (-5 - 1)?
-3
Evaluate -7 + (-3 + 2 + -5 - -20).
7
Calculate (2 - (12 + -5)) + -5 + 5.
-5
Calculate 6 + 1 - (17 - (-6 - -12)).
-4
What is -2 + (-2 - (2 + -1)) + 2?
-3
What is (9 - (32 + -14)) + 4?
-5
-9 + 11 + -1 + 1
2
Evaluate 1 - 4 - (4 - 10 - -8).
-5
What is the value of -2 + -3 - (-8 + 2 - -4)?
-3
Calculate 50 + -42 + (2 - 2 - 18).
-10
Evaluate -9 + 1 + (-22 - (-22 - 4)).
-4
What is the value of (1 + 2 - -3) + 0 + -1?
5
Evaluate (2 - -3 - (9 - 9)) + -7.
-2
Calculate -10 + ((-10 - -3) + -1 - -14).
-4
Calculate -1 + -2 + (-1 - -5) + -1.
0
Calculate 2 + -2 + (-12 - -14).
2
What is the value of 4 + -7 - (1 - 1)?
-3
What is (0 - 1 - 5) + (56 - 55)?
-5
Calculate 1 + 2 + 0 - 3.
0
Evaluate -7 - 3 - (-10 - -2).
-2
Evaluate (-2 - -1) + (-33 - (-60 + 32)).
-6
Calculate (-1 - 2) + 6 + -2 + -4.
-3
Calculate (4 - 12) + (16 - 2).
6
Evaluate 2 - -1 - (-1 - (-7 - 1)).
-4
Calculate (-1 - -2) + -3 + -1 - -3.
0
What is 6 + -9 - (-2 + -1 + 7)?
-7
What is -6 + (6 - 7 - -7)?
0
What is the value of -8 + -4 + (29 - 9)?
8
Evaluate -2 - ((-5 - -6) + -3).
0
Evaluate (4 - -2 - 6) + 4.
4
59 - 61 - (-2 + (-1 - 0))
1
Evaluate 7 + -11 + 8 + -4.
0
Calculate (-3 + 4 - -1) + -6.
-4
Calculate -3 + 6 + -2 - (1 + -5).
5
What is -8 + (-2 - 4) + 5 - -4?
-5
(-1 - (6 - 7)) + (3 - 0)
3
What is -2 - (-5 + 3) - 4?
-4
4 - 3 - (2 - 6)
5
Calculate -38 + 35 - (-11 - -1) - 1.
6
What is -20 - -22 - (2 - (0 + 1))?
1
-1 + (0 - -2) - 1 - 0
0
What is -11 + -6 + 8 - (-4 + 0)?
-5
What is -2 + (9 + 3 + -7 - 6)?
-3
What is -8 + 3 + -1 + 3?
-3
What is (-30 - -34) + (0 - 0 - 3)?
1
4 + -7 + 2 + 4
3
What is the value of 2 + 2 - (20 - 15)?
-1
Calculate (23 - 11 - 1) + -9.
2
Evaluate (20 - 17) + -1 + -3 + 5.
4
Evaluate -2 - (2 - (1 - -4)).
1
12 - (1 + 8 + 4)
-1
What is (-3 + 11 + -1 - 8) + -3?
-4
Evaluate 0 + 7 + (19 - 13) - 6.
7
Calculate 3 + (0 - 6) + 4.
1
What is the value of (9 + -17 - 0) + 4 + -2?
-6
Evaluate -2 + -2 + (-5 - -13) + -8.
-4
Evaluate (5 + 4 - 10) + (6 - -1).
6
Calculate -2 + 8 + (0 - 3 - -3).
6
What is (-12 - -2) + 7 - 8?
-11
7 + 5 + -16 + 9
5
What is the value of 5 + -4 + (-2 + 8 - 4)?
3
4 + (0 - (1 - 6) - 2)
7
What is the value of 5 - -2 - 4 - 7?
-4
(-3 + 3 - 4) + (-15 - -12)
-7
What is (-2 + 1 - 1) + -2 - 1?
-5
Evaluate -6 - -14 - 7 - (1 - -1).
-1
Evaluate -2 + 3 + (5 - 1).
5
What is the value of -9 + 0 + (2 - -5)?
-2
Evaluate (100 - 105) + -1 + 0 + 1.
-5
9 - (2 + 4 + 7)
-4
6 - ((2 - 2) + 11)
-5
Calculate 4 + -4 + -2 + 3.
1
2 + (-1 - 0) + 0
1
What is (5 - (4 - -1)) + -6 + 9?
3
What is the value of 0 - (-1 - -4) - 0?
-3
Evaluate (-5 + 11 - 4) + -2.
0
What is -3 - 1 - (-9 - -1 - -1)?
3
Calculate 1 + (1 - -3 - 3).
2
Calculate -3 + -1 + 2 + 5.
3
Evaluate -5 + 3 + (4 - 6) + -1.
-5
Calculate 2 + (1 - 9 - (3 + -7)).
-2
What is -3 - -2 - (-1 + 0 - -2)?
-2
What is 0 - -15 - (0 + -7 + 13)?
9
5 - (-4 - -20) - (3 + -8)
-6
What is the value of -10 + 13 - (6 + 0)?
-3
What is (1 - -3 - 5) + -3 + 9?
5
Evaluate -3 + 2 + 2 - 3.
-2
What is the value of 2 - (-7 - (4 - 3) - -5)?
5
0 + -1 + (-18 + 4 - -9)
-6
What is the value of -1 + -5 + 12 - 2?
4
What is -8 + 13 - (2 - (-2 + 1))?
2
What is the value of -8 + 15 + (2 - 4) + -7?
-2
Evaluate (-4 - (1 - -1)) + 15.
9
What is the value of 30 + -22 - (1 - 0 - -2)?
5
What is -1 - 0 - (-1 + -1 - 3)?
4
What is 1 - ((13 - 6) + 0 + -2)?
-4
Calculate -8 + 3 - (9 - 16).
2
Evaluate -7 + -3 + 4 - -3.
-3
What is the value of -5 + 6 + -2 + 9 - 3?
5
Evaluate -6 - 6 - -3 - -5.
-4
Evaluate (5 - -2) + -9 + (-1 - 0).
-3
What is the value of -6 + 11 + -1 + 3 + -5?
2
Evaluate (5 - -7) + -7 - 5.
0
What is the value of -1 + -2 + (77 - 76)?
-2
Calculate -4 + 2 + -6 + 1 + 4.
-3
Calculate (-1 - -3) + (4 - (-2 + 4)).
4
(0 - 7) + -17 + 23
-1
Evaluate 1 + -5 - (2 + 0 + -4).
-2
Calculate (2 - -2) + -1 + 0 + -8.
-5
(0 - 4) + (4 - (1 - 2))
1
(0 + 0 - 4) + 3
-1
Calculate 10 + 1 + -4 + 0.
7
What is the value of (3 + -13 - -2) + 11?
3
What is 10 - ((-6 - -6) + -3 + 7)?
6
Evaluate 11 - ((2 - 4) + 8).
5
What is 15 - (11 + -7) - (6 + -1)?
6
Calculate 8 - 3 - (0 + 3).
2
What is the value of (1 - (3 - 1)) + 1 + -3?
-3
What is 5 - (-9 + (-2 - (-7 + -1)))?
8
What is -1 + 0 - (-10 - -9)?
0
(4 - 9) + 5 - -5
5
What is the value of 0 + 14 + -15 + (8 - 0)?
7
-5 - (8 - 7 - (1 + 4))
-1
Evaluate 1 + -4 - 2 - (0 + -2).
-3
What is -7 + (-1 - (0 + 1)) - 1?
-10
Calculate 0 + 4 + -7 - (-2 + 1).
-2
Calculate (1 - -1) + (-1 - (-7 + 6)).
2
What is -7 + (2 + 6 - 9)?
-8
Calculate -4 + (-2 - (2 + (-6 - -3))).
-5
Evaluate 0 + 1 + -18 + 14 + 3.
0
Calculate -6 + -2 + 2 + 2.
-4
Evaluate -4 + 2 - (-13 + 12 - 2).
1
3 - (-2 - (3 + (-4 - 1)))
3
What is (-2 - 2) + (-13 - (-10 - 2))?
-5
-14 + 1 + 9 + -1 + 7
2
What is 5 - 0 - 9 - (-2 - -3)?
-5
Evaluate (-1 - (-1 + 3)) + -1 - -2.
-2
What is (-2 - 2) + (-5 - -5)?
-4
Calculate (1 - 6) + (6 - (6 + -2)).
-3
Calculate 6 - (5 + (2 + -6 - -6)).
-1
Evaluate 3 + 0 + -7 + (5 - 0).
1
Evaluate 11 - 11 - (0 + 4).
-4
What is the value of 1 + -3 + 2 - (-4 - 1)?
5
Evaluate -13 + 24 + -2 - (3 - 1).
7
4 - (-5 + 10 - (1 - 6))
-6
What is the value of 0 + -2 + 4 + -4?
-2
Calculate -1 - (2 + -6 + (4 - 4)).
3
What is 